k - 5*k. Let z be t(-7). Suppose z*h + 25 = 2*h, -2*h - 264 = -2*y. Is y composite?
False
Suppose -3*d = -220 + 64. Suppose 5*b - 48 = -2*n, 0 = 4*b + 3*n + 2*n - d. Suppose -207 = -5*y - c + 99, 0 = -2*c - b. Is y composite?
True
Let y(l) = 129*l**2 + 17. Is y(-4) a prime number?
True
Let d(i) = i**3 + 10*i**2 + 11*i + 9. Let t = 16 + -23. Is d(t) prime?
True
Let o(b) = -118*b - 1. Is o(-3) prime?
True
Let s = 23 + 4. Let a = 82 - 74. Let b = s - a. Is b prime?
True
Let f(l) = -l + 9. Let k be f(7). Suppose -5*b + 15 = -k*b. Suppose 0 = b*a - 4*t - 66, 4*a - 2*t - 58 = -a. Is a a prime number?
False
Let b be (1 + -2)/(2 - 3). Suppose -3*a + b = -0*a + o, 4*a - o = -1. Is (-2 - a)*(-38)/4 a composite number?
False
Suppose -3*a + q = -18, -5*a + 13 + 18 = -2*q. Suppose 1056 = -2*v + a*v + 5*t, -2*t = 0. Suppose -3*w = -d - v, -w - 481 = -5*w - d. Is w prime?
False
Let w be (-19544)/(-24) - 4/(-6). Suppose -u - w = -6*u. Is u composite?
False
Let s = 199 - -40. Is s composite?
False
Let a(w) = 2*w**3 - 2*w**2 - 4*w - 2. Let g be a(-2). Let j = -8 - g. Is j prime?
False
Suppose 111 = 2*q + q. Let x = -4 + q. Let c = 4 + x. Is c a composite number?
False
Let x be (-334)/(-4) - 2/(-4). Suppose 0 = -h + 3, -4*h - 32 = 5*w - w. Let l = x - w. Is l a composite number?
True
Let q = 2999 - 1538. Is q prime?
False
Let d(y) = -5*y**2 + 12*y. Let s(i) = 4*i**2 - 11*i + 1. Let p(u) = 2*d(u) + 3*s(u). Suppose -4*j + 2 = -22. Is p(j) a prime number?
False
Suppose 3*r = -r, -3*c + 63 = 2*r. Suppose -2*x + 3*x = c. Is x composite?
True
Let o(n) = 14*n**2 - 2*n + 1. Is o(-3) a prime number?
False
Let q(n) = -n**2 - 7*n - 6. Let k be q(-6). Suppose -5*y - 6 = -26. Suppose -y*u + 144 + 76 = k. Is u prime?
False
Suppose -10 = -5*t + 5. Let y(c) = -c**3 + 3*c**2 + 3*c + 2. Is y(t) a prime number?
True
Suppose w - 6 = -3. Suppose -175 = -w*t - i, t - 2*i - 37 = 19. Is t prime?
False
Is (-3)/15 - -181*24/20 composite?
True
Let b = 135 - 56. Is b prime?
True
Let h = 2 - 5. Let i = h + 2. Is ((-21)/6)/(i/26) a prime number?
False
Suppose 0 = 2*k + 21 + 327. Let f = 21 - k. Suppose 8*l = 3*l + f. Is l a composite number?
True
Let m be ((-76)/(-6))/((-12)/18). Let z = 8 - m. Is 1210/18 + (-6)/z a prime number?
True
Let z = 10 + -9. Is (-4 - -31) + z*-2 a prime number?
False
Let t(k) = -k**3 - k**2 - k + 1. Suppose 0 = -4*s + 2*s - 18. Let j = s + 6. Is t(j) prime?
False
Suppose -20 = -4*n, 0*w + n = -4*w + 289. Is w a prime number?
True
Let t(d) = -d**2. Let u(q) = q**3 + 8*q**2 - 5*q + 7. Let k(l) = 2*t(l) + u(l). Is k(-6) prime?
True
Suppose -168 + 592 = 4*g. Is g prime?
False
Is (647 + -2)*(28/(-6) + 5) a prime number?
False
Suppose 0 = -4*v + 497 + 1155. Is v prime?
False
Let d(s) = -4*s**3 + 2*s**2 + 2*s - 1. Is d(-2) a prime number?
False
Let p(g) = 2*g**2 + 8*g + 1. Let l be p(6). Let q = -219 + l. Let a = -61 - q. Is a a composite number?
False
Let p(y) = -y**2 + 10*y - 8. Let l be p(9). Is (-43 - 3)/(-1 - l) a composite number?
False
Let y(j) = 191*j. Let l be y(1). Suppose 0 = -3*q + 4*q - l. Is q composite?
False
Suppose -4*i = -2*j - 24 - 12, i = -2*j - 16. Let m = 27 - j. Is m prime?
True
Suppose -4*t + 3 = -w, w + 4*w = 25. Is t composite?
False
Let s(b) = -28*b + 6. Let z be s(-2). Let m = -18 + 13. Let n = m + z. Is n a prime number?
False
Is (2/4*-13027)/((-2)/4) a composite number?
True
Let d(j) = 2*j - 6. Let o be d(4). Suppose -o*f - c - 11 = -4*f, -5*c = 3*f + 3. Is f composite?
True
Is (-1)/2 + (-7371)/(-6) + 1 a prime number?
True
Let d be (0 + -6)*(-3)/3. Suppose 2*n + d = 76. Is n a composite number?
True
Suppose -u + 434 = -0*u. Suppose 0 = 2*o - 0*o - u. Is o composite?
True
Suppose -7*h = -15*h + 1192. Is h composite?
False
Let h = 163 - 78. Is h a prime number?
False
Let o be 20/6 - (-4)/(-12). Suppose o*g - 925 = -2*g. Is g a composite number?
True
Let c be -3*((-45)/3)/3. Is (-5)/(c/(-402)) - 0 composite?
True
Let x(d) = -5*d**2 + 19*d - 11. Let y(s) be the first derivative of s**3 - 9*s**2/2 + 5*s + 1. Let o(a) = 4*x(a) + 9*y(a). Is o(4) composite?
True
Suppose -2*j - 3*d + 53 = 0, -16 = -5*j + 4*j - 5*d. Is (-1)/(-2)*(j - 1) a composite number?
True
Suppose 5*l + 3*l = 13544. Is l a composite number?
False
Let q be ((-2)/3)/((-4)/498). Let f = q - 34. Is f prime?
False
Suppose 5*l + 4*h + 22 = 0, -5 = -4*h + 3. Suppose -w - 1 = -4. Is ((-26)/w)/(4/l) prime?
True
Let o(s) = s + 8. Suppose 2*b + y + 16 = 0, 2*y = 4*b - y + 12. Let g be o(b). Let q = 0 + g. Is q a composite number?
False
Suppose 9*n + 30 = 4*n. Let q be (-7)/(-3) + 4/6. Is q/9 - 148/n a prime number?
False
Let n(o) = -503*o**3 - 2*o**2 + o + 1. Is n(-1) a composite number?
True
Suppose 0*q + 4*q - 84 = 0. Is q prime?
False
Let w be (0 - 1)*3/(-3). Suppose w = -5*g + 36. Is g a prime number?
True
Let q(y) = -2*y**2 + 26*y - 1. Let i(r) = r**2 - 17*r + 1. Let j(d) = -8*i(d) - 5*q(d). Is j(4) a prime number?
True
Suppose 0 = 3*b - 34 + 4. Let z(m) = m**3 - 10*m**2 + 8*m + 2. Let r be z(b). Suppose r - 16 = 3*h. Is h prime?
False
Let x(m) = m**3 - 5*m**2 - 7*m - 16. Let q be x(7). Let j be (-2)/(-8) + 33/(-4). Let t = j + q. Is t a composite number?
True
Let u be (-2 - 1)*(-10)/6. Suppose q - z = 179 + 61, u*z + 260 = q. Is q prime?
False
Let i(s) be the second derivative of 28*s**3/3 - s**2/2 + 7*s. Is i(4) a prime number?
True
Let t be (708/(-5))/(12/(-40)). Suppose t = -2*i + 6*i - 4*u, -587 = -5*i + 4*u. Is i a prime number?
False
Let s(z) = 7 - 6 - 2*z**2 - 2*z + 2*z + z**3. Let x be s(1). Suppose -2*w + w + 143 = x. Is w a composite number?
True
Suppose s - 598 - 96 = 0. Is s a composite number?
True
Suppose 2*d = u + 2*u - 510, -3*u + 507 = -3*d. Let h = 301 - u. Is h a prime number?
False
Let h(r) = -r**3 - 6*r**2 - r - 6. Let a be h(-6). Suppose 2*p - 1 - 13 = a. Is p a composite number?
False
Let p(x) = x**3 - 4*x**2 + 6*x + 5. Suppose -y + 2 = -4. Is p(y) composite?
False
Suppose 5*h - 9210 = -0*f - 5*f, -h + 1847 = -4*f. Is h a prime number?
False
Is (-13044)/(-10)*2*35/28 a composite number?
True
Suppose -810 = -4*g + 5*o - 4*o, 611 = 3*g + o. Is g a composite number?
True
Let k be 165/12*4/1. Suppose 0 = 4*l - 49 - k. Is l a composite number?
True
Let h(b) = -6*b + 13. Is h(-13) prime?
False
Let n(o) = 1044*o**3 + o**2 + 3*o - 5. Is n(1) composite?
True
Suppose 2*j - 2558 + 258 = 0. Suppose -4*l + j = -0*u - 5*u, 2*l = 2*u + 460. Let v = -161 - u. Is v prime?
False
Suppose 1245 = 3*w - 1494. Is w a prime number?
False
Suppose -5*f - 3*y + 1156 = 0, 5*y + 440 = -4*f + 1357. Is f composite?
False
Is ((-644)/(-8))/((-1)/(-2)) prime?
False
Suppose -5*u + 2444 = 814. Is u prime?
False
Let f(m) = -m**2 - 7*m - 3. Let j be f(-6). Suppose -4*g = -l - 3*l + 16, j*l + 2*g = 12. Suppose -5*r + 5*k = -70, k + 24 + 32 = l*r. Is r a composite number?
True
Let z(x) = 3*x. Let b(s) = -s**2 + 8*s - 6. Let m be b(6). Suppose 2*n - 7 = w + 4*n, 2*w + 2*n = -m. Is z(w) composite?
False
Suppose 2*f = -3*f + 4*h + 18199, 4*f - 14576 = -h. Is f prime?
True
Suppose -y + 6 = y. Suppose -2*r - 5*o + 15 + 61 = 0, -2*r + 60 = -y*o. Is r a prime number?
False
Let b be (-74)/(-6)*3 - 2. Suppose x + 55 = 5*c, 2*c + 2*c + x = b. Is c composite?
True
Let b(s) = -117*s - 5. Let o be 63/(-12) - (-1)/4. Let l be b(o). Suppose 5*g + 2*q - 25 = 540, q = 5*g - l. Is g prime?
False
Suppose -3*w - 1293 = 2*n - 219, -5*n - 2703 = 3*w. Let h = n - -800. Is h a composite number?
False
Let y = -300 + 457. Is y prime?
True
Suppose 4*a - 4652 = -4*v + 2*a, -a - 5815 = -5*v. Is v prime?
True
Let l be -8 + (-4)/(-12)*6. Is (2/l)/((-8)/2232) prime?
False
Let h(y) = -y**3 - 12*y**2 + 4. Let d be h(-12). Is 530/1*2/d a prime number?
False
Let o = 133 - 80. Is o a composite number?
False
Let v be 2*(-4)/8 - 2. Let t(f) = 133*f**2 - 2*f + 2. Let l be t(2). Is v/2 - l/(-4) prime?
True
Is 15/((-135)/(-10362)) + (-2)/6 a prime number?
True
Let j(b) = 253*b - 3. Is j(4) composite?
False
Let i(r) = -r**3 + 7*r**2 + 6*r - 5. Let x = 22 + -15. Is i(x) composite?
False
Suppose 4*r - 11 = -3. Suppose 2*t = -5*x + 969, 2*x = -3*t + 582 - 190. Suppose 0 = 5*g - r*n - 435, -3*g - 3*n + x = -g. Is g prime?
True
Let m(j) = j**2 - 7*j + 6. Let i be m(6). Suppose i - 3 = -k. Suppose 5*q + 0*q = -k*x + 28, -x = -3*q. Is x composit